096 - 2520. Calculate the greatest common divisor of 128 and x.
64
Suppose -3*z + 3 = 0, -9*z + 3 = 2*x - 12*z. Suppose -2*s + x*n = -53, -2*s = -9*n + 5*n - 56. Calculate the greatest common factor of 154 and s.
22
Suppose -r - r - i + 7 = 0, r - 14 = -4*i. Suppose 0 = -o + 2103 - 2078. Suppose r*s + o = 135. Calculate the greatest common factor of s and 5.
5
Suppose -58*o + 2 = -59*o, 4*o = -5*w + 102. Suppose 8*z - 420 = -w*z. Let k be 6/(-1 + (-44)/(-42)). What is the highest common factor of z and k?
14
Let j = 20929 - 20803. Suppose -287 = -5*c + 553. Calculate the greatest common factor of j and c.
42
Suppose 0 = l - 5*l + 68. Let s(f) = f - 45. Let j be s(42). Let z(b) = -32*b - 79. Let g be z(j). Calculate the greatest common divisor of l and g.
17
Let z be 8/14 - (-12 - (-2985)/(-105)). Suppose 5527 - 14611 = -4*x. Suppose x = 7*a - 25. What is the greatest common factor of z and a?
41
Suppose 5*u = 4*v - 6065, 498*v = 502*v + 4*u - 6020. Calculate the highest common factor of v and 90.
10
Let t = 3380 - 3296. What is the greatest common factor of 686 and t?
14
Let v = -99 + 157. Let n = v + -46. Let d be ((-150)/n)/((-27)/12 - -2). What is the greatest common divisor of d and 20?
10
Let u = 9224 - 4512. Calculate the greatest common factor of 57 and u.
19
Let k = -106001 + 106342. Let y = 71 - 40. What is the greatest common factor of y and k?
31
Let a be (-1)/2 + 1*(-11349)/(-26) + 6. What is the highest common factor of 338 and a?
26
Let v = 10831 - 10192. Let b(q) = -q**3 + 14*q**2 - 11*q - 17. Let z be b(13). What is the highest common divisor of z and v?
9
Let v(t) = 6*t**2 + t + 1. Let r be v(-3). Let p = 326352 + -326248. Calculate the highest common divisor of r and p.
52
Let h = 225 + -190. Suppose 4*m + h = 167. Calculate the greatest common factor of m and 561.
33
Let s be -501*((-51)/(-99) + (-4)/22). Let k be 2 + s/(2 + (1 - 4)). Calculate the highest common factor of k and 13.
13
Let m(g) = 303*g - 2242. Let x be m(12). What is the highest common factor of x and 51?
17
Let u be 426 - 431 - 3/(3/(-53)). What is the highest common factor of u and 5952?
48
Let s be (120/21 - 4)/(4/14). Suppose -5*k = -s*k - 5*y + 318, -5*y + 994 = 3*k. Calculate the highest common divisor of 52 and k.
26
Let y be (18/8)/((-348)/(-188848)). Calculate the greatest common factor of y and 1887.
111
Suppose -293 + 48 = -18*s + 673. Calculate the highest common divisor of 4947 and s.
51
Let w(p) = p + 6. Let i be w(-4). Suppose -i*u - 44 + 140 = 0. Calculate the highest common factor of 336 and u.
48
Let d = 49142 - 33951. What is the highest common factor of 11 and d?
11
Suppose -9 = -13*c + 69. Calculate the greatest common divisor of 3522 and c.
6
Let r be 1*(-35)/5*-8. Let d = r + -62. Let z be -1 + 135 + (0 - (-2 - d)). Calculate the highest common factor of 26 and z.
26
Suppose -22047*v + 21992*v + 35145 = 0. What is the greatest common factor of v and 72?
9
Let y = 113 - 108. Suppose -y*w - 39 = -49. Calculate the highest common factor of w and 14.
2
Suppose -u + 2*t = -985, -4*t + 22 = -2. Calculate the greatest common factor of 1 and u.
1
Let g = -94 + 80. Let p = g - -17. Suppose 2*q + 39 = 3*u - 1, 68 = p*u + 5*q. Calculate the greatest common divisor of u and 112.
16
Let v = -8873 - -9848. Calculate the highest common divisor of 250 and v.
25
Let t(s) = s**3 + 10*s**2 + 2*s + 51. Let a be t(-7). Let h = a - 168. What is the highest common divisor of 616 and h?
8
Let b(l) = -l**3 + 7*l**2 - 20*l + 69. Let g be b(5). Suppose 4*h + 591 - 3859 = 0. What is the greatest common factor of h and g?
19
Let a = 28810 + -14138. Calculate the highest common factor of 393 and a.
131
Suppose o + 9298 = 5*c, 2*c - 45*o - 3721 = -44*o. Calculate the highest common divisor of c and 22.
11
Let u(o) = -46*o + 154. Let t be u(3). Calculate the highest common divisor of 2536 and t.
8
Let t(h) be the first derivative of -3*h**2 - 82*h + 14. Let x be t(-10). Let k be 18/99 - 1382/x. What is the highest common divisor of k and 42?
21
Suppose 0 = 964*v - 883*v - 53865. What is the greatest common factor of v and 7?
7
Let x be 549 - (20 + (-5738)/285 + (-17)/(-15)). What is the highest common factor of 2055 and x?
137
Suppose 63 = 22*s - s. Suppose -5*j = -3*u + 7, 11 = s*u + j - 2*j. Suppose -5*o = -1 - 219. What is the greatest common factor of o and u?
4
Suppose 35*q - 8 = 1112. What is the greatest common factor of q and 148?
4
Let j(r) = 9*r**2 + 47*r - 13. Let n = 77 - 85. Let q be j(n). What is the highest common factor of q and 17?
17
Let x(u) = 73*u**2 + 141*u - 1478. Let p be x(12). What is the highest common divisor of 62 and p?
62
Let g = 136 + -97. Let d(z) = -6*z**2 - 64*z + 12. Let k(m) = -12*m**2 + 2. Let l be k(1). Let v be d(l). What is the highest common divisor of g and v?
13
Let h = -3144 + 5122. What is the greatest common factor of h and 86?
86
Let c = -62 - -86. Suppose 0 = i + 4*u - c, i = -2*u + 12 + 12. Suppose i*t - 588 = 17*t. Calculate the highest common divisor of 28 and t.
28
Suppose 5*n = -5*j + 275, -3*j = -2*j - 3*n - 75. Let v = 88 - j. Calculate the highest common divisor of v and 112.
28
Suppose 10*w = 2*w - 848. Let m = w - -110. Suppose 36 = m*b - 20. Calculate the highest common divisor of 266 and b.
14
Let c = -5 - -20. Let x be ((-1372)/(-92) - 3) + (-396)/207 + 2. What is the greatest common factor of c and x?
3
Suppose 3*y - 5*p - 3 = 7*y, 2*p + 15 = 3*y. Let c be 85/17 + y*3. What is the greatest common factor of 224 and c?
14
Suppose f + 261 = 5*t, -153*f = 5*t - 158*f - 285. Calculate the highest common divisor of 15 and t.
3
Let c be (40/(-6))/(2/(-12)). Suppose -83*g = -4*o - 80*g + 104, 0 = 4*o - 4*g - 96. Calculate the greatest common divisor of o and c.
8
Suppose x = 5*y + 184, 5*y = 10*y + 30. Calculate the greatest common factor of x and 77.
77
Let i = 115 - 91. Suppose 9 = b + 20. Let s = i + b. What is the highest common divisor of s and 13?
13
Let w be 49 + -6 + (4 + -2 - -3). Suppose -49*u - w = -50*u. Calculate the greatest common divisor of u and 32.
16
Let i(k) = -k**3 + 8*k**2 + 2*k - 3. Let g be i(8). Suppose -15*p = 7*p - 616. Suppose 11*y + p = 314. Calculate the greatest common divisor of y and g.
13
Let d be 1974/46 + -10 + (-16)/(-184). Suppose y + 36 = 3*s + 1, -36 = -4*s - 4*y. Calculate the greatest common factor of d and s.
11
Suppose 0 = 4*g - 12, -2*g + 17 = 4*y - 17. Let v(k) = -k**2 + 11*k - 8. Let r be v(y). Calculate the greatest common factor of r and 90.
10
Let i = 6 + -13. Let g(f) be the first derivative of f**3/3 + f**2/2 - 33*f - 734. Let b be g(i). Calculate the highest common factor of b and 81.
9
Let l(z) = z**3 - 4*z**2 - 4*z + 18. Let c be l(4). Let b be c/4 - (3006/4)/(-9). What is the greatest common factor of b and 4?
4
Suppose -q + 598 + 1151 = -3*k, -2*q + 3499 = -5*k. Calculate the highest common factor of 24 and q.
24
Let d(x) = -69*x + 3541. Let l be d(51). Let m be 1*286 + 0/2. What is the highest common divisor of m and l?
22
Let y(j) = j**3 + 21*j**2 + 65*j + 10. Let v be y(-4). Let s = 2867 + -1965. What is the greatest common divisor of s and v?
22
Let q = 22 - 20. Let i(f) = f**3 - 4*f**2 + 5. Let y be i(2). Let n(z) = -9*z - 7. Let v be n(y). Calculate the greatest common factor of q and v.
2
Let x = 104 - 102. Suppose -2*w + 504 = x*w. Calculate the highest common divisor of 84 and w.
42
Let o(j) = 21*j - 7. Let k be o(5). Let w = -1898 + 2045. Calculate the highest common factor of k and w.
49
Let v = -1826 - -2567. Let i be -2 - (0 - (45 - (3 + 1))). Calculate the highest common factor of i and v.
39
Suppose 2*o + 96 = 4*o. Let n(l) = 72 - 2*l + 2*l + 16*l**3 - 15*l**3. Let c be n(0). Calculate the highest common factor of o and c.
24
Let g = -295 + 315. Suppose -g*k + 7000 = 30*k. What is the greatest common factor of 84 and k?
28
Suppose -40 = 13*b - 3*b. Let g(u) = -u**3 + 3*u**2 - u + 9. Let q be g(b). Calculate the highest common divisor of q and 5.
5
Let x(o) = 21*o - 90. Let k be x(6). Let i = 237 - 57. Calculate the greatest common factor of i and k.
36
Let y be 4/10 + (1484/(-20))/(-7). Suppose y*h = 4*h + 28. Suppose h*w = 23 + 13. Calculate the greatest common divisor of w and 3.
3
Suppose -67*k - 34884 + 130728 = -53*k. What is the hig